961 and 11.
11
What is the greatest common factor of 53 and 159?
53
Calculate the highest common factor of 8 and 72.
8
Calculate the highest common factor of 1053 and 324.
81
What is the greatest common divisor of 946 and 22?
22
Calculate the greatest common divisor of 58 and 754.
58
What is the highest common divisor of 451 and 369?
41
Calculate the highest common divisor of 5589 and 69.
69
Calculate the greatest common divisor of 145 and 232.
29
Calculate the greatest common factor of 114 and 5092.
38
Calculate the highest common divisor of 308 and 140.
28
Calculate the greatest common factor of 634 and 6.
2
Calculate the highest common divisor of 54 and 42.
6
Calculate the greatest common divisor of 5250 and 600.
150
What is the greatest common factor of 1585 and 2536?
317
What is the highest common divisor of 6 and 18?
6
What is the greatest common factor of 81 and 6?
3
Calculate the greatest common divisor of 464 and 899.
29
What is the highest common factor of 936 and 8?
8
What is the greatest common divisor of 5561 and 1577?
83
What is the greatest common divisor of 1805 and 4275?
95
Calculate the greatest common factor of 123 and 51.
3
Calculate the greatest common divisor of 1225 and 98.
49
Calculate the highest common factor of 448 and 1918.
14
Calculate the greatest common divisor of 253 and 11.
11
What is the greatest common factor of 7825 and 35?
5
What is the highest common factor of 308 and 572?
44
What is the highest common factor of 30 and 12690?
30
Calculate the greatest common divisor of 105 and 22085.
35
Calculate the highest common divisor of 32 and 4976.
16
What is the greatest common divisor of 106 and 8798?
106
Calculate the highest common factor of 4 and 1.
1
What is the highest common divisor of 3570 and 20?
10
What is the highest common divisor of 93 and 22599?
93
Calculate the highest common divisor of 25 and 75.
25
What is the highest common divisor of 2 and 103?
1
Calculate the greatest common factor of 46 and 1633.
23
What is the highest common divisor of 1950 and 2250?
150
Calculate the highest common divisor of 43 and 817.
43
What is the highest common factor of 215 and 3053?
43
Calculate the greatest common factor of 38 and 133.
19
Calculate the highest common factor of 37 and 7289.
37
What is the greatest common divisor of 132 and 720?
12
What is the greatest common factor of 70 and 28?
14
Calculate the highest common factor of 3838 and 418.
38
Calculate the highest common divisor of 35 and 45.
5
Calculate the highest common factor of 376 and 141.
47
What is the greatest common divisor of 1386 and 14?
14
Calculate the greatest common factor of 1130 and 10.
10
What is the highest common factor of 39 and 3?
3
What is the greatest common divisor of 205 and 369?
41
What is the greatest common divisor of 115 and 13455?
115
Calculate the highest common divisor of 434 and 341.
31
What is the greatest common divisor of 112 and 28?
28
Calculate the greatest common factor of 215 and 86.
43
Calculate the greatest common factor of 51 and 2448.
51
Calculate the greatest common factor of 4325 and 25.
25
Calculate the highest common divisor of 7 and 623.
7
Calculate the greatest common factor of 35 and 14.
7
What is the greatest common factor of 2057 and 17?
17
Calculate the highest common factor of 616 and 112.
56
Calculate the highest common factor of 1719 and 2674.
191
What is the highest common divisor of 98 and 2450?
98
Calculate the greatest common factor of 1819 and 107.
107
What is the highest common divisor of 58 and 2059?
29
Calculate the highest common factor of 511 and 2263.
73
Calculate the highest common factor of 69905 and 41.
41
Calculate the greatest common factor of 598 and 92.
46
Calculate the greatest common divisor of 10 and 42970.
10
Calculate the highest common divisor of 815 and 5.
5
Calculate the greatest common factor of 195 and 75.
15
Calculate the greatest common factor of 48 and 9.
3
Calculate the highest common factor of 36 and 666.
18
What is the highest common factor of 152 and 95?
19
Calculate the highest common divisor of 1512 and 5208.
168
What is the highest common divisor of 32096 and 236?
236
Calculate the greatest common factor of 130 and 23855.
65
What is the greatest common divisor of 987 and 189?
21
Calculate the greatest common divisor of 99 and 36.
9
What is the highest common factor of 3337 and 94?
47
Calculate the greatest common divisor of 59 and 59.
59
Calculate the greatest common factor of 2856 and 112.
56
Calculate the greatest common divisor of 60 and 372.
12
What is the highest common factor of 1386 and 3003?
231
Calculate the greatest common divisor of 16 and 4016.
16
What is the greatest common factor of 2064 and 96?
48
Calculate the greatest common divisor of 583 and 99.
11
Calculate the greatest common factor of 35 and 1015.
35
Calculate the highest common factor of 138 and 1035.
69
Calculate the greatest common factor of 1125 and 525.
75
What is the highest common factor of 188 and 1081?
47
Calculate the greatest common divisor of 81 and 837.
27
Calculate the highest common divisor of 82 and 861.
41
What is the greatest common factor of 22 and 77?
11
What is the highest common divisor of 7 and 98?
7
What is the highest common factor of 1056 and 2508?
132
Calculate the greatest common divisor of 150 and 270.
30
What is the greatest common factor of 66 and 2684?
22
What is the highest common factor of 4392 and 18?
18
Calculate the greatest common factor of 12 and 28.
4
Calculate the greatest common divisor of 71 and 497.
71
What is the highest common factor of 585 and 1287?
117
Calculate the greatest common factor of 1914 and 348.
174
Calculate the highest common factor of 750 and 78.
6
What is the greatest common divisor of 2 and 112?
2
Calculate the greatest common divisor of 84 and 5838.
42
What is the highest common divisor of 22902 and 66?
66
What is the greatest common factor of 27 and 4518?
9
Calculate the greatest common factor of 20 and 3140.
20
Calculate the greatest common divisor of 9 and 549.
9
What is the greatest common factor of 261 and 9?
9
Calculate the greatest common factor of 387 and 215.
43
What is the highest common divisor of 7007 and 13?
13
Calculate the greatest common divisor of 16264 and 152.
152
Calculate the greatest common divisor of 1596 and 2736.
228
What is the highest common factor of 98 and 112?
14
Calculate the highest common divisor of 7 and 35.
7
Calculate the greatest common divisor of 1696 and 224.
32
What is the highest common factor of 360 and 680?
40
What is the highest common factor of 1079 and 39?
13
What is the greatest common divisor of 81 and 648?
81
Calculate the highest common divisor of 203 and 174.
29
Calculate the highest common divisor of 22 and 671.
11
Calculate the greatest common divisor of 81 and 9.
9
What is the highest common divisor of 45 and 25065?
45
Calculate the highest common factor of 1 and 11.
1
What is the greatest common divisor of 34 and 731?
17
Calculate the highest common factor of 78 and 338.
26
Calculate the highest common factor of 4125 and 15.
15
Calculate the highest common divisor of 63 and 72.
9
Calculate the highest common divisor of 84 and 60.
12
Calculate the greatest common factor of 4 and 484.
4
Calculate the greatest common divisor of 72 and 312.
24
What is the greatest common divisor of 55 and 13475?
55
What is the highest common divisor of 100 and 41900?
100
Calculate the greatest common divisor of 102 and 516.
6
Calculate the greatest common factor of 581 and 7.
7
What is the highest common divisor of 267 and 87309?
267
What is the highest common factor of 31 and 961?
31
Calculate the highest common factor of 588 and 60.
12
What is the greatest common factor of 488 and 8?
8
What is the highest common divisor of 5941 and 13?
13
What is the greatest common factor of 1105 and 676?
13
Calculate the highest common divisor of 1755 and 975.
195
Calculate the greatest common divisor of 830 and 15.
5
Calculate the greatest common factor of 364 and 130.
26
What is the greatest common divisor of 927 and 45?
9
What is the highest common divisor of 16 and 1828?
4
Calculate the highest common factor of 219 and 189.
3
Calculate the highest common divisor of 13467 and 134.
67
What is the gre